2 + 52*z - 116. Let b be j(-28). Give o(b).
38
Let u(v) = -v**3 - 20*v**2 + v + 11. Let a(o) = -o**3 + 47*o**2 - 55*o + 394. Let z be a(46). Calculate u(z).
-9
Let t be (3/(-1))/((-2)/474). Let l = t + -714. Let o(n) = n**3 - n**2 + 2. Calculate o(l).
-34
Let v(q) = -q**3 - 3. Let j = -20 - -13. Let d = j - -10. Suppose 0 = 2*h - d*h. Give v(h).
-3
Let l(r) = r**3 + 18*r**2 + 32*r + 1. Let s be ((-2808)/(-1755))/((-2)/20). What is l(s)?
1
Let k = -4870 - -4863. Let q(b) = b**2 - 3*b - 15. What is q(k)?
55
Let y(f) = -f**3 + 16*f + f - 23*f - f + 54*f - 21*f**2 + 32. Give y(-23).
9
Let d(x) = -2*x**2 + 59*x - 24. Let g be d(29). Let h(b) = -g*b**2 - 7 + 5*b**2 + 8*b - 3*b - b**2. Determine h(7).
-21
Suppose 4*j + j - 2 = 4*b, -2*j = -3*b + 2. Let u(f) = -31*f**2 + 11*f**2 - 1 - f**3 - 4*f + 5*f + 14*f**j. Let r be 1/(-1) - (6 + -1). Determine u(r).
-7
Let s(a) = -1 + 2181*a + 2185*a - 6554*a + 2187*a. Let b(l) = 1. Let z(d) = d - 5. Let i(f) = 6*b(f) + z(f). Let t(o) = -2*i(o) - 3*s(o). Give t(5).
6
Let p(j) = -j**2 - 5*j + 5. Let w = 64 - 59. Let d(r) = 10*r + 5 - w*r - 22 - 4*r. Let f be d(11). Determine p(f).
-1
Let v = -2900 + 2899. Let a(m) = 34*m**3 - 3*m - 2. Determine a(v).
-33
Let m be (2 + -2 + -1)*1. Let o(x) = 3*x**3 + x**2 + x - 4. Let i(r) = 18*r**3 + 9*r**2 + 9*r - 37. Let z(k) = -i(k) + 9*o(k). Calculate z(m).
-8
Let n(c) = -c**3 + 4*c**2 - 3*c. Let b be n(2). Suppose 5*d = -b*d - 35. Let y be (d/20 - 14/8) + 5. Let l(z) = z - 5. Determine l(y).
-2
Suppose 698 = -7*t + 642. Let a(h) be the second derivative of -h**5/20 - 3*h**4/4 - 4*h**3/3 - 5*h**2/2 - 13*h + 1. Calculate a(t).
-5
Let x(i) = 333*i**2 + 2*i - 1. Let v be x(1). Let s(b) = v - 4*b - 671 + 336. What is s(1)?
-5
Let b = 8 + -5. Suppose 0 = -5*y + b*o + 62, -4*y + o + 0*o = -44. Let x(c) be the third derivative of -c**4/12 + 7*c**3/3 + 17*c**2 + 5*c. Determine x(y).
-6
Let m be (52/65)/(38/20 + -2). Let x be (m - -7)/(1/(-20)). Suppose -a + x = -11*a. Let d(s) = -2*s - 3. What is d(a)?
1
Let r(c) = -c**2 - 1 + 3 + 5*c**2 - 3. Let p(d) = 2*d**2 - 25*d - 14. Suppose -2*o = -2*m + 2*o + 10, -m + o = -9. Let u be p(m). Give r(u).
3
Let v = -247 + 601. Let r = -339 + v. Let k(y) = y**2 - 16*y + 7. Determine k(r).
-8
Let v(s) be the second derivative of 113 + 2*s + 5/12*s**4 + 1/20*s**5 + 5/6*s**3 + 2*s**2. Give v(-2).
6
Let k(l) = -l**3 + 11*l**2 - 12. Let x(r) = -12*r - 193. Let m be x(-17). Give k(m).
-12
Let q(s) be the third derivative of s**7/840 - s**6/60 - s**5/24 - s**4/3 + 11*s**3 - 6*s**2. Let c(z) be the first derivative of q(z). Determine c(7).
6
Let b be 1/(-3) + (-24)/36. Let t be (-178)/(-4) + -4*b/(-8). Let m be (-8)/t + (2 - (-48)/22). Let z(h) = -h**2 + h + 4. Calculate z(m).
-8
Suppose -6642*w + 6666*w - 48 = 0. Let c(n) = -11*n**3 + 3*n**2 + n - 1. What is c(w)?
-75
Let x(k) = -k**2 - 6*k + 2. Let q(d) = -89*d**2 - 536*d - 17. Let l be q(-6). Calculate x(l).
7
Suppose -5*m + 4*u = -47 + 9, 2*m - 22 = 5*u. Let g(n) = 2*n - 28. Give g(m).
-16
Let d(i) = -12*i - 31. Let a(h) = -165*h - 5120. Let v be a(-31). Give d(v).
29
Let r(n) be the first derivative of n**4 + n**3/3 + n**2 + n - 7611. Let c(s) = -s**2 - s + 2. Let q be c(-2). Suppose 4 = -4*l - q. Give r(l).
-4
Let b be (9/6)/(213/568). Let l(f) be the third derivative of -7/40*f**6 - 21*f**2 + 1/60*f**5 - 1/24*f**b + 0*f + 0 + 1/6*f**3. What is l(1)?
-20
Let h(w) be the first derivative of -3*w**2 + 173*w + 1846. Give h(29).
-1
Let x(z) = z**2 - 5*z + 8. Let l(v) = v**3 + 5*v**2 - 7*v - 17. Let j be l(-5). Suppose j = 3*n - 3. Calculate x(n).
22
Let a(m) be the third derivative of 6 + 0*m + 1/12*m**4 - 16*m**2 - 5/3*m**3. Give a(6).
2
Let c(l) = l + 2. Let s(h) = 1. Let r(n) = n + 6. Let z(k) = r(k) - s(k). Let d(q) = 3*c(q) - 2*z(q). Let v(o) = -o**2 + 5*o + 6. Let p be v(6). Calculate d(p).
-4
Let t(u) = -u**3 - 8*u**2 + 7*u - 1. Let j be t(-7). Let w = -94 - j. Let r(f) = -2*f**2 + 0*f - 3*f**2 + w*f + 3 + 4*f**2. Determine r(5).
3
Let z(q) = -53*q**2 + 63*q**2 + q**3 + 118 - 128. Give z(-10).
-10
Let a(j) be the first derivative of 3*j**2 + 414*j - 913. Determine a(-68).
6
Let x(d) = -d + 11. Let t be -1 + (-6 - -24) + -10. What is x(t)?
4
Let p be 9*(-1)/(-2)*14/(-21). Let l(o) = -o - 2. Let s be l(p). Let w(u) = s + 14*u**3 - 2 + u - 31*u**3 + 0. Give w(1).
-17
Let o(g) = -4 - 2 + 33*g - 38*g. Let a(y) = -1. Let m(x) = x + 2. Let l(n) = 2*a(n) + m(n). Let p(v) = 6*l(v) + o(v). Give p(0).
-6
Let m be -8948*6/(-9)*(-9)/(-24). Let v(t) = t**2 - 11*t + t + m - 2226. Determine v(9).
2
Let f(p) = 2*p + 5*p - 9*p + 22*p**3 - 4*p**2 - 36*p**3 + 11*p**3 - 8. Give f(-2).
4
Let c(f) = 3*f. Suppose 3*x + 76 = 4*x. Suppose -q = g - 37 + 115, -2*g = -4*q - 306. Let p = q + x. Determine c(p).
-3
Let r(f) be the third derivative of f**5/4 + f**4/24 - f**3/6 + 4*f**2 + 1. Suppose 9*p + 4 = -5. What is r(p)?
13
Let i(o) be the second derivative of -7*o**3/6 + 5*o**2/2 - 17*o - 7. Give i(-7).
54
Let j(x) = -2 - 6*x + 31*x**3 - 3 + 440*x**2 - 442*x**2. Let c(t) = -10*t**3 + t**2 + 2*t + 2. Let p(n) = 8*c(n) + 3*j(n). What is p(1)?
14
Let g be (15864/16)/(3/2). Let p = g + -650. Let i(h) = h**2 - 9*h - 14. Calculate i(p).
8
Let q(h) = -h + 9. Suppose 277*f + 20 = -k + 273*f, 0 = 5*k - 5*f + 100. Determine q(k).
29
Let b(h) = -134*h - 2414. Let a be b(-18). Let f(i) be the third derivative of 1/15*i**5 + 1/6*i**3 + 0 + 0*i + i**2 - 1/12*i**4. Give f(a).
21
Let n(z) = -13*z**2 + 13*z + 61. Let w(m) = 10*m**2 - 14*m - 60. Let h(q) = -4*n(q) - 5*w(q). Calculate h(-6).
20
Let w(f) = 11*f**3 + 10*f**2 + 5*f + 60. Let c(b) = -20*b**3 - 18*b**2 - 9*b - 110. Let r(q) = -6*c(q) - 11*w(q). Let g = -4 - -2. Give r(g).
2
Let z = 8620 + -8615. Let h(w) be the first derivative of 14 + z*w - 1/2*w**2. Determine h(-5).
10
Let a(w) = -w**3 + 11*w**2 + 22*w + 54. Suppose 7937*g - 83 = 7923*g + 99. What is a(g)?
2
Suppose g + b + 3 = 0, 4*b + 2 + 4 = -g. Let u(q) = -q + 1. Let j(d) = 2*d - 1. Let a(s) = 5*j(s) + 6*u(s). Determine a(g).
-7
Let k(w) be the second derivative of 1/2*w**2 + 1/6*w**3 + 0 - 78*w. Give k(-9).
-8
Let m = -5886 - -5907. Let n(o) = o**2 - 20*o - 24. Determine n(m).
-3
Let y(b) be the first derivative of -35*b**2/2 - 211*b + 3046. Calculate y(-6).
-1
Let z(h) = 4*h - 93. Let a be 29824/(-699)*(-3)/4 + -7. Calculate z(a).
7
Let b(g) be the second derivative of -g**5/60 - g**4/6 - 5*g**3/6 - 26*g**2 - 52*g + 2. Let z(j) be the first derivative of b(j). Determine z(-4).
-5
Let c(a) = 27*a**3 - 7*a**2 - 35*a + 128. Let i(n) = -11*n**3 + 4*n**2 + 17*n - 63. Let j(r) = -2*c(r) - 5*i(r). Give j(7).
3
Let n(j) be the first derivative of -j**4/4 - 5*j**3/3 - j**2/2 - 337. Let m = 7 + -5. Suppose -m*f - 3 + 29 = -4*y, -4*y + 4*f - 32 = 0. Give n(y).
5
Let k(f) = -f - 245. Let i(j) = -j - 323. Let y(d) = 3*i(d) - 4*k(d). Let o(l) = -l**2 + 7*l - 2. Let b be o(9). Determine y(b).
-9
Let x(n) be the third derivative of n**5/60 - n**4/8 - 5*n**3/2 + 1473*n**2. Calculate x(4).
-11
Let v(s) = -30*s + 84. Let b = -1748 + 1751. Calculate v(b).
-6
Suppose g - 2*g = 5*r + 12, -2*r = 3*g + 10. Let y(p) = 6*p**2 - 2106*p + 1. Let h(m) = 7*m**2 - 2527*m + 1. Let t(k) = 5*h(k) - 6*y(k). What is t(r)?
-7
Let u(r) be the third derivative of -7*r**2 + 0*r**3 + 0*r + 5/24*r**4 + 0. Let s(f) = -f**3 - 36*f**2 + 75*f - 39. Let l be s(-38). Determine u(l).
-5
Let v(b) be the first derivative of -b**5/120 + 23*b**4/24 + 2*b**3/3 + 11*b**2/2 + 72. Let c(q) be the third derivative of v(q). What is c(10)?
13
Let p(f) = f**3 - 8*f**2. Let j be p(8). Suppose j = 2*q - 3*v - 23, 0*q + 5*q + 5 = -5*v. Let s(i) = 4*i - 79*i**2 - 81*i**2 - q + 159*i**2. What is s(3)?
-1
Let t(h) = 12*h**2 + 175. Let s(g) = 7*g**2 + 103. Let a(i) = -5*s(i) + 3*t(i). Calculate a(-9).
91
Let w(l) = -l**3 - 2*l**2 + 4*l + 6. Let r be w(-3). Let h be 3 + 3 + r + -3 + -4. Let o(n) = 0 + 9*n**2 - 4*n**h - 3*n**2 + 2*n - n**3 + 1. What is o(-1)?
2
Let y = 71 - 74. Suppose 0*i + 2*i - 10 = -2*k, -2*k + 14 = 3*i. Let a(b) = -4*b**2 - i + 4*b**2 - 6*b + 5*b + b**2. Determine a(y).
8
Let m(z) be the third derivative of -1/2*z**3 + 11*z + 0 + 4*z**2 + 5/24*z**4. Give m(-3).
-18
Let z be ((-736)/368)/(-2*(-1)/(-5)). Let i(k) = k**3 - 5*k**2 - 2*k - 6. Give i(z).
-16
Let n(a) = 